{"id":13,"date":"2018-02-13T01:31:02","date_gmt":"2018-02-13T00:31:02","guid":{"rendered":"http:\/\/larchedesbambinous.fr\/?page_id=13"},"modified":"2018-02-13T02:32:11","modified_gmt":"2018-02-13T01:32:11","slug":"arche-des-bambinous","status":"publish","type":"page","link":"https:\/\/larchedesbambinous.fr\/index.php\/arche-des-bambinous\/","title":{"rendered":"L&#8217;Arche des Bambinous"},"content":{"rendered":"<p>\u00c0 mi-chemin entre la cr\u00e8che traditionnelle et l\u2019assistante maternelle, la micro-cr\u00e8che est une structure pouvant accueillir un maximum de dix enfants \u00e2g\u00e9s de deux mois \u00e0 trois ans.<\/p>\n<p>\u00c0 la diff\u00e9rence des cr\u00e8ches traditionnelles, elle se distingue par son effectif maximal de dix enfants, tous regroup\u00e9s en une section unique, peu importe leur \u00e2ge. La micro-cr\u00e8che permet un accueil individualis\u00e9 des enfants, avec une approche plus familiale qu\u2019en cr\u00e8che traditionnelle.<\/p>\n<p>Tous les \u00e2ges sont m\u00e9lang\u00e9s, ce qui permet aux plus petits d\u2019\u00eatre \u00ab tir\u00e9s vers le haut \u00bb et aux plus grands d\u2019apprendre \u00e0 prendre soin des plus jeunes. Les activit\u00e9s se font en petits groupes et permettent de r\u00e9els \u00e9changes et moments de partage. Les micro-cr\u00e8ches sont soumises aux m\u00eames r\u00e8gles que les \u00e9tablissements d\u2019accueil collectif classiques, avec des locaux r\u00e9pondant aux normes de s\u00e9curit\u00e9 et des am\u00e9nagements mis en place pour favoriser l\u2019\u00e9veil et la s\u00e9curit\u00e9 des enfants.<\/p>\n<p>Ce mode d\u2019accueil pr\u00e9sente de nombreux avantages :<\/p>\n<ul>\n<li>ceux du collectif : socialisation de l\u2019enfant<\/li>\n<li>ceux de la garde \u00e0 domicile : prise en charge individualis\u00e9e,\u00a0relation privil\u00e9gi\u00e9e favoris\u00e9e<\/li>\n<li>un taux d\u2019encadrement \u00e9lev\u00e9 : 3,5 professionel(le)s\u00a0qualifi\u00e9(e)s pour 10 enfants<\/li>\n<li>sa taille permet de r\u00e9pondre \u00e0 des besoins sp\u00e9cifiques :\u00a0accueil d\u2019urgence, accueil des\u00a0fratries, \u00e9largissement des horaires en fonction des\u00a0besoins des familles.<\/li>\n<\/ul>\n<p>&nbsp;<\/p>\n","protected":false},"excerpt":{"rendered":"<p>\u00c0 mi-chemin entre la cr\u00e8che traditionnelle et l\u2019assistante maternelle, la micro-cr\u00e8che est une structure pouvant accueillir un maximum de dix enfants \u00e2g\u00e9s de deux mois \u00e0 trois ans. \u00c0 la diff\u00e9rence des cr\u00e8ches traditionnelles, elle se distingue par son effectif &hellip; <\/p>\n","protected":false},"author":1,"featured_media":0,"parent":0,"menu_order":0,"comment_status":"closed","ping_status":"closed","template":"","meta":[],"yoast_head":"<!-- This site is optimized with the Yoast SEO plugin v19.1 - https:\/\/yoast.com\/wordpress\/plugins\/seo\/ -->\n<title>L&#039;Arche des Bambinous - L&#039;Arche des Bambinous<\/title>\n<meta name=\"robots\" content=\"index, follow, max-snippet:-1, max-image-preview:large, max-video-preview:-1\" \/>\n<link rel=\"canonical\" href=\"https:\/\/larchedesbambinous.fr\/index.php\/arche-des-bambinous\/\" \/>\n<meta property=\"og:locale\" content=\"en_US\" \/>\n<meta property=\"og:type\" content=\"article\" \/>\n<meta property=\"og:title\" content=\"L&#039;Arche des Bambinous - L&#039;Arche des Bambinous\" \/>\n<meta property=\"og:description\" content=\"\u00c0 mi-chemin entre la cr\u00e8che traditionnelle et l\u2019assistante maternelle, la micro-cr\u00e8che est une structure pouvant accueillir un maximum de dix enfants \u00e2g\u00e9s de deux mois \u00e0 trois ans. \u00c0 la diff\u00e9rence des cr\u00e8ches traditionnelles, elle se distingue par son effectif &hellip;\" \/>\n<meta property=\"og:url\" content=\"https:\/\/larchedesbambinous.fr\/index.php\/arche-des-bambinous\/\" \/>\n<meta property=\"og:site_name\" content=\"L&#039;Arche des Bambinous\" \/>\n<meta property=\"article:publisher\" content=\"https:\/\/fr-fr.facebook.com\/pages\/biz\/97122\/Micro-cr%c3%a8che-LArche-des-Bambinous-170594110228766\" \/>\n<meta property=\"article:modified_time\" content=\"2018-02-13T01:32:11+00:00\" \/>\n<meta name=\"twitter:card\" content=\"summary_large_image\" \/>\n<meta name=\"twitter:label1\" content=\"Est. reading time\" \/>\n\t<meta name=\"twitter:data1\" content=\"1 minute\" \/>\n<script type=\"application\/ld+json\" class=\"yoast-schema-graph\">{\"@context\":\"https:\/\/schema.org\",\"@graph\":[{\"@type\":\"Organization\",\"@id\":\"https:\/\/larchedesbambinous.fr\/#organization\",\"name\":\"Micro-cr\u00e8che L'Arche des Bambinous\",\"url\":\"https:\/\/larchedesbambinous.fr\/\",\"sameAs\":[\"https:\/\/fr-fr.facebook.com\/pages\/biz\/97122\/Micro-cr\u00e8che-LArche-des-Bambinous-170594110228766\"],\"logo\":{\"@type\":\"ImageObject\",\"inLanguage\":\"en-US\",\"@id\":\"https:\/\/larchedesbambinous.fr\/#\/schema\/logo\/image\/\",\"url\":\"http:\/\/larchedesbambinous.fr\/wp-content\/uploads\/2018\/02\/Logo-site-micro-creche-pro.png\",\"contentUrl\":\"http:\/\/larchedesbambinous.fr\/wp-content\/uploads\/2018\/02\/Logo-site-micro-creche-pro.png\",\"width\":160,\"height\":150,\"caption\":\"Micro-cr\u00e8che L'Arche des Bambinous\"},\"image\":{\"@id\":\"https:\/\/larchedesbambinous.fr\/#\/schema\/logo\/image\/\"}},{\"@type\":\"WebSite\",\"@id\":\"https:\/\/larchedesbambinous.fr\/#website\",\"url\":\"https:\/\/larchedesbambinous.fr\/\",\"name\":\"L'Arche des Bambinous\",\"description\":\"Micro-cr\u00e8che \u00e0 Baie-Mahault , Guadeloupe\",\"publisher\":{\"@id\":\"https:\/\/larchedesbambinous.fr\/#organization\"},\"potentialAction\":[{\"@type\":\"SearchAction\",\"target\":{\"@type\":\"EntryPoint\",\"urlTemplate\":\"https:\/\/larchedesbambinous.fr\/?s={search_term_string}\"},\"query-input\":\"required name=search_term_string\"}],\"inLanguage\":\"en-US\"},{\"@type\":\"WebPage\",\"@id\":\"https:\/\/larchedesbambinous.fr\/index.php\/arche-des-bambinous\/#webpage\",\"url\":\"https:\/\/larchedesbambinous.fr\/index.php\/arche-des-bambinous\/\",\"name\":\"L'Arche des Bambinous - L&#039;Arche des Bambinous\",\"isPartOf\":{\"@id\":\"https:\/\/larchedesbambinous.fr\/#website\"},\"datePublished\":\"2018-02-13T00:31:02+00:00\",\"dateModified\":\"2018-02-13T01:32:11+00:00\",\"breadcrumb\":{\"@id\":\"https:\/\/larchedesbambinous.fr\/index.php\/arche-des-bambinous\/#breadcrumb\"},\"inLanguage\":\"en-US\",\"potentialAction\":[{\"@type\":\"ReadAction\",\"target\":[\"https:\/\/larchedesbambinous.fr\/index.php\/arche-des-bambinous\/\"]}]},{\"@type\":\"BreadcrumbList\",\"@id\":\"https:\/\/larchedesbambinous.fr\/index.php\/arche-des-bambinous\/#breadcrumb\",\"itemListElement\":[{\"@type\":\"ListItem\",\"position\":1,\"name\":\"Home\",\"item\":\"https:\/\/larchedesbambinous.fr\/\"},{\"@type\":\"ListItem\",\"position\":2,\"name\":\"L&#8217;Arche des Bambinous\"}]}]}<\/script>\n<!-- \/ Yoast SEO plugin. -->","yoast_head_json":{"title":"L'Arche des Bambinous - L&#039;Arche des Bambinous","robots":{"index":"index","follow":"follow","max-snippet":"max-snippet:-1","max-image-preview":"max-image-preview:large","max-video-preview":"max-video-preview:-1"},"canonical":"https:\/\/larchedesbambinous.fr\/index.php\/arche-des-bambinous\/","og_locale":"en_US","og_type":"article","og_title":"L'Arche des Bambinous - L&#039;Arche des Bambinous","og_description":"\u00c0 mi-chemin entre la cr\u00e8che traditionnelle et l\u2019assistante maternelle, la micro-cr\u00e8che est une structure pouvant accueillir un maximum de dix enfants \u00e2g\u00e9s de deux mois \u00e0 trois ans. \u00c0 la diff\u00e9rence des cr\u00e8ches traditionnelles, elle se distingue par son effectif &hellip;","og_url":"https:\/\/larchedesbambinous.fr\/index.php\/arche-des-bambinous\/","og_site_name":"L&#039;Arche des Bambinous","article_publisher":"https:\/\/fr-fr.facebook.com\/pages\/biz\/97122\/Micro-cr%c3%a8che-LArche-des-Bambinous-170594110228766","article_modified_time":"2018-02-13T01:32:11+00:00","twitter_card":"summary_large_image","twitter_misc":{"Est. reading time":"1 minute"},"schema":{"@context":"https:\/\/schema.org","@graph":[{"@type":"Organization","@id":"https:\/\/larchedesbambinous.fr\/#organization","name":"Micro-cr\u00e8che L'Arche des Bambinous","url":"https:\/\/larchedesbambinous.fr\/","sameAs":["https:\/\/fr-fr.facebook.com\/pages\/biz\/97122\/Micro-cr\u00e8che-LArche-des-Bambinous-170594110228766"],"logo":{"@type":"ImageObject","inLanguage":"en-US","@id":"https:\/\/larchedesbambinous.fr\/#\/schema\/logo\/image\/","url":"http:\/\/larchedesbambinous.fr\/wp-content\/uploads\/2018\/02\/Logo-site-micro-creche-pro.png","contentUrl":"http:\/\/larchedesbambinous.fr\/wp-content\/uploads\/2018\/02\/Logo-site-micro-creche-pro.png","width":160,"height":150,"caption":"Micro-cr\u00e8che L'Arche des Bambinous"},"image":{"@id":"https:\/\/larchedesbambinous.fr\/#\/schema\/logo\/image\/"}},{"@type":"WebSite","@id":"https:\/\/larchedesbambinous.fr\/#website","url":"https:\/\/larchedesbambinous.fr\/","name":"L'Arche des Bambinous","description":"Micro-cr\u00e8che \u00e0 Baie-Mahault , Guadeloupe","publisher":{"@id":"https:\/\/larchedesbambinous.fr\/#organization"},"potentialAction":[{"@type":"SearchAction","target":{"@type":"EntryPoint","urlTemplate":"https:\/\/larchedesbambinous.fr\/?s={search_term_string}"},"query-input":"required name=search_term_string"}],"inLanguage":"en-US"},{"@type":"WebPage","@id":"https:\/\/larchedesbambinous.fr\/index.php\/arche-des-bambinous\/#webpage","url":"https:\/\/larchedesbambinous.fr\/index.php\/arche-des-bambinous\/","name":"L'Arche des Bambinous - L&#039;Arche des Bambinous","isPartOf":{"@id":"https:\/\/larchedesbambinous.fr\/#website"},"datePublished":"2018-02-13T00:31:02+00:00","dateModified":"2018-02-13T01:32:11+00:00","breadcrumb":{"@id":"https:\/\/larchedesbambinous.fr\/index.php\/arche-des-bambinous\/#breadcrumb"},"inLanguage":"en-US","potentialAction":[{"@type":"ReadAction","target":["https:\/\/larchedesbambinous.fr\/index.php\/arche-des-bambinous\/"]}]},{"@type":"BreadcrumbList","@id":"https:\/\/larchedesbambinous.fr\/index.php\/arche-des-bambinous\/#breadcrumb","itemListElement":[{"@type":"ListItem","position":1,"name":"Home","item":"https:\/\/larchedesbambinous.fr\/"},{"@type":"ListItem","position":2,"name":"L&#8217;Arche des Bambinous"}]}]}},"_links":{"self":[{"href":"https:\/\/larchedesbambinous.fr\/index.php\/wp-json\/wp\/v2\/pages\/13"}],"collection":[{"href":"https:\/\/larchedesbambinous.fr\/index.php\/wp-json\/wp\/v2\/pages"}],"about":[{"href":"https:\/\/larchedesbambinous.fr\/index.php\/wp-json\/wp\/v2\/types\/page"}],"author":[{"embeddable":true,"href":"https:\/\/larchedesbambinous.fr\/index.php\/wp-json\/wp\/v2\/users\/1"}],"replies":[{"embeddable":true,"href":"https:\/\/larchedesbambinous.fr\/index.php\/wp-json\/wp\/v2\/comments?post=13"}],"version-history":[{"count":5,"href":"https:\/\/larchedesbambinous.fr\/index.php\/wp-json\/wp\/v2\/pages\/13\/revisions"}],"predecessor-version":[{"id":50,"href":"https:\/\/larchedesbambinous.fr\/index.php\/wp-json\/wp\/v2\/pages\/13\/revisions\/50"}],"wp:attachment":[{"href":"https:\/\/larchedesbambinous.fr\/index.php\/wp-json\/wp\/v2\/media?parent=13"}],"curies":[{"name":"wp","href":"https:\/\/api.w.org\/{rel}","templated":true}]}}