{"id":23,"date":"2018-02-13T01:37:35","date_gmt":"2018-02-13T00:37:35","guid":{"rendered":"http:\/\/larchedesbambinous.fr\/?page_id=23"},"modified":"2022-06-14T22:10:32","modified_gmt":"2022-06-14T20:10:32","slug":"la-micro-creche-sociale","status":"publish","type":"page","link":"https:\/\/larchedesbambinous.fr\/index.php\/la-micro-creche-sociale\/","title":{"rendered":"La micro-cr\u00e8che sociale"},"content":{"rendered":"<blockquote>\n<blockquote>\n<p style=\"text-align: center;\"><strong><span style=\"vertical-align: inherit;\">La micro-cr\u00e8che sociale Bouff\u00e9e Solid&#8217;air est n\u00e9e d&#8217;une d\u00e9marche innovante pour lutter contre les in\u00e9galit\u00e9s sociales &#8230;<\/span><\/strong><\/p>\n<\/blockquote>\n<p><span style=\"vertical-align: inherit;\">Les initiateurs de ce projet sont membres d&#8217;une association caritative qui cherche \u00e0 apporter une r\u00e9ponse \u00e0 un probl\u00e8me qui est le mode de garde des enfants.<\/span><\/p>\n<p>Ainsi, peuvent \u00eatre accueillis les enfants des parents qui sont \u00e0 la recherche d\u2019un emploi ou en formation, demandeurs d\u2019emploi ou b\u00e9n\u00e9ficiaires du RSA, les familles monoparentales, couples ayant des difficult\u00e9s, qui ont des emplois pr\u00e9caires \u00e0 temps plein ou partiel, ceux qui ont des horaires atypiques.<strong>*<\/strong><\/p>\n<p style=\"text-align: left;\"><em><strong>Attention:<\/strong> Nous tiendrons aussi \u00e0 consacrer quelques places \u00e0 des parents n\u2019ayant pas les sp\u00e9cificit\u00e9s cit\u00e9s plus haut.<\/em><\/p>\n<p>Elle s\u2019organisera principalement autour de deux types de besoins :<\/p>\n<ul>\n<li>ceux des parents qui travaillent \u00e0 des horaires non standards<strong>*\u00a0<\/strong><\/li>\n<li>\u00e0 ceux qui ont un r\u00e9el besoin de garde sp\u00e9cifique (demandeurs d\u2019emploi, r\u00e9insertion professionnelle)<strong>*<\/strong>.<\/li>\n<\/ul>\n<p>Des places de halte-garderie : accueil d\u2019enfants de fa\u00e7on ponctuelle et occasionnelle pourront \u00e9galement \u00eatre disponible.<strong>*<\/strong><\/p>\n<p><span style=\"vertical-align: inherit;\">Un accompagnement conditionnel sera mise en place afin de soutenir les parents dans leurs d\u00e9marches en insertion professionnelle mais aussi dans leurs parentalit\u00e9s.<\/span><\/p>\n<blockquote>\n<p style=\"text-align: center;\"><strong>* Sous la r\u00e9serve des places de garde disponible dans la micro-cr\u00e8che selon la r\u00e9glementation en\u00a0<\/strong><b>vigueur.<\/b><\/p>\n<\/blockquote>\n<\/blockquote>\n","protected":false},"excerpt":{"rendered":"<p>La micro-cr\u00e8che sociale Bouff\u00e9e Solid&#8217;air est n\u00e9e d&#8217;une d\u00e9marche innovante pour lutter contre les in\u00e9galit\u00e9s sociales &#8230; Les initiateurs de ce projet sont membres d&#8217;une association caritative qui cherche \u00e0 apporter une r\u00e9ponse \u00e0 un probl\u00e8me qui est le mode &hellip; <\/p>\n","protected":false},"author":1,"featured_media":0,"parent":0,"menu_order":0,"comment_status":"closed","ping_status":"closed","template":"","meta":[],"yoast_head":"<!-- This site is optimized with the Yoast SEO plugin v19.1 - https:\/\/yoast.com\/wordpress\/plugins\/seo\/ -->\n<title>La micro-cr\u00e8che sociale - L&#039;Arche des Bambinous<\/title>\n<meta name=\"robots\" content=\"index, follow, max-snippet:-1, max-image-preview:large, max-video-preview:-1\" \/>\n<link rel=\"canonical\" href=\"https:\/\/larchedesbambinous.fr\/index.php\/la-micro-creche-sociale\/\" \/>\n<meta property=\"og:locale\" content=\"en_US\" \/>\n<meta property=\"og:type\" content=\"article\" \/>\n<meta property=\"og:title\" content=\"La micro-cr\u00e8che sociale - L&#039;Arche des Bambinous\" \/>\n<meta property=\"og:description\" content=\"La micro-cr\u00e8che sociale Bouff\u00e9e Solid&#8217;air est n\u00e9e d&#8217;une d\u00e9marche innovante pour lutter contre les in\u00e9galit\u00e9s sociales &#8230; Les initiateurs de ce projet sont membres d&#8217;une association caritative qui cherche \u00e0 apporter une r\u00e9ponse \u00e0 un probl\u00e8me qui est le mode &hellip;\" \/>\n<meta property=\"og:url\" content=\"https:\/\/larchedesbambinous.fr\/index.php\/la-micro-creche-sociale\/\" \/>\n<meta property=\"og:site_name\" content=\"L&#039;Arche des Bambinous\" \/>\n<meta property=\"article:publisher\" content=\"https:\/\/fr-fr.facebook.com\/pages\/biz\/97122\/Micro-cr%c3%a8che-LArche-des-Bambinous-170594110228766\" \/>\n<meta property=\"article:modified_time\" content=\"2022-06-14T20:10:32+00:00\" \/>\n<meta name=\"twitter:card\" content=\"summary_large_image\" \/>\n<meta name=\"twitter:label1\" content=\"Est. reading time\" \/>\n\t<meta name=\"twitter:data1\" content=\"1 minute\" \/>\n<script type=\"application\/ld+json\" class=\"yoast-schema-graph\">{\"@context\":\"https:\/\/schema.org\",\"@graph\":[{\"@type\":\"Organization\",\"@id\":\"https:\/\/larchedesbambinous.fr\/#organization\",\"name\":\"Micro-cr\u00e8che L'Arche des Bambinous\",\"url\":\"https:\/\/larchedesbambinous.fr\/\",\"sameAs\":[\"https:\/\/fr-fr.facebook.com\/pages\/biz\/97122\/Micro-cr\u00e8che-LArche-des-Bambinous-170594110228766\"],\"logo\":{\"@type\":\"ImageObject\",\"inLanguage\":\"en-US\",\"@id\":\"https:\/\/larchedesbambinous.fr\/#\/schema\/logo\/image\/\",\"url\":\"http:\/\/larchedesbambinous.fr\/wp-content\/uploads\/2018\/02\/Logo-site-micro-creche-pro.png\",\"contentUrl\":\"http:\/\/larchedesbambinous.fr\/wp-content\/uploads\/2018\/02\/Logo-site-micro-creche-pro.png\",\"width\":160,\"height\":150,\"caption\":\"Micro-cr\u00e8che L'Arche des Bambinous\"},\"image\":{\"@id\":\"https:\/\/larchedesbambinous.fr\/#\/schema\/logo\/image\/\"}},{\"@type\":\"WebSite\",\"@id\":\"https:\/\/larchedesbambinous.fr\/#website\",\"url\":\"https:\/\/larchedesbambinous.fr\/\",\"name\":\"L'Arche des Bambinous\",\"description\":\"Micro-cr\u00e8che \u00e0 Baie-Mahault , Guadeloupe\",\"publisher\":{\"@id\":\"https:\/\/larchedesbambinous.fr\/#organization\"},\"potentialAction\":[{\"@type\":\"SearchAction\",\"target\":{\"@type\":\"EntryPoint\",\"urlTemplate\":\"https:\/\/larchedesbambinous.fr\/?s={search_term_string}\"},\"query-input\":\"required name=search_term_string\"}],\"inLanguage\":\"en-US\"},{\"@type\":\"WebPage\",\"@id\":\"https:\/\/larchedesbambinous.fr\/index.php\/la-micro-creche-sociale\/#webpage\",\"url\":\"https:\/\/larchedesbambinous.fr\/index.php\/la-micro-creche-sociale\/\",\"name\":\"La micro-cr\u00e8che sociale - L&#039;Arche des Bambinous\",\"isPartOf\":{\"@id\":\"https:\/\/larchedesbambinous.fr\/#website\"},\"datePublished\":\"2018-02-13T00:37:35+00:00\",\"dateModified\":\"2022-06-14T20:10:32+00:00\",\"breadcrumb\":{\"@id\":\"https:\/\/larchedesbambinous.fr\/index.php\/la-micro-creche-sociale\/#breadcrumb\"},\"inLanguage\":\"en-US\",\"potentialAction\":[{\"@type\":\"ReadAction\",\"target\":[\"https:\/\/larchedesbambinous.fr\/index.php\/la-micro-creche-sociale\/\"]}]},{\"@type\":\"BreadcrumbList\",\"@id\":\"https:\/\/larchedesbambinous.fr\/index.php\/la-micro-creche-sociale\/#breadcrumb\",\"itemListElement\":[{\"@type\":\"ListItem\",\"position\":1,\"name\":\"Home\",\"item\":\"https:\/\/larchedesbambinous.fr\/\"},{\"@type\":\"ListItem\",\"position\":2,\"name\":\"La micro-cr\u00e8che sociale\"}]}]}<\/script>\n<!-- \/ Yoast SEO plugin. -->","yoast_head_json":{"title":"La micro-cr\u00e8che sociale - L&#039;Arche des Bambinous","robots":{"index":"index","follow":"follow","max-snippet":"max-snippet:-1","max-image-preview":"max-image-preview:large","max-video-preview":"max-video-preview:-1"},"canonical":"https:\/\/larchedesbambinous.fr\/index.php\/la-micro-creche-sociale\/","og_locale":"en_US","og_type":"article","og_title":"La micro-cr\u00e8che sociale - L&#039;Arche des Bambinous","og_description":"La micro-cr\u00e8che sociale Bouff\u00e9e Solid&#8217;air est n\u00e9e d&#8217;une d\u00e9marche innovante pour lutter contre les in\u00e9galit\u00e9s sociales &#8230; Les initiateurs de ce projet sont membres d&#8217;une association caritative qui cherche \u00e0 apporter une r\u00e9ponse \u00e0 un probl\u00e8me qui est le mode &hellip;","og_url":"https:\/\/larchedesbambinous.fr\/index.php\/la-micro-creche-sociale\/","og_site_name":"L&#039;Arche des Bambinous","article_publisher":"https:\/\/fr-fr.facebook.com\/pages\/biz\/97122\/Micro-cr%c3%a8che-LArche-des-Bambinous-170594110228766","article_modified_time":"2022-06-14T20:10:32+00:00","twitter_card":"summary_large_image","twitter_misc":{"Est. reading time":"1 minute"},"schema":{"@context":"https:\/\/schema.org","@graph":[{"@type":"Organization","@id":"https:\/\/larchedesbambinous.fr\/#organization","name":"Micro-cr\u00e8che L'Arche des Bambinous","url":"https:\/\/larchedesbambinous.fr\/","sameAs":["https:\/\/fr-fr.facebook.com\/pages\/biz\/97122\/Micro-cr\u00e8che-LArche-des-Bambinous-170594110228766"],"logo":{"@type":"ImageObject","inLanguage":"en-US","@id":"https:\/\/larchedesbambinous.fr\/#\/schema\/logo\/image\/","url":"http:\/\/larchedesbambinous.fr\/wp-content\/uploads\/2018\/02\/Logo-site-micro-creche-pro.png","contentUrl":"http:\/\/larchedesbambinous.fr\/wp-content\/uploads\/2018\/02\/Logo-site-micro-creche-pro.png","width":160,"height":150,"caption":"Micro-cr\u00e8che L'Arche des Bambinous"},"image":{"@id":"https:\/\/larchedesbambinous.fr\/#\/schema\/logo\/image\/"}},{"@type":"WebSite","@id":"https:\/\/larchedesbambinous.fr\/#website","url":"https:\/\/larchedesbambinous.fr\/","name":"L'Arche des Bambinous","description":"Micro-cr\u00e8che \u00e0 Baie-Mahault , Guadeloupe","publisher":{"@id":"https:\/\/larchedesbambinous.fr\/#organization"},"potentialAction":[{"@type":"SearchAction","target":{"@type":"EntryPoint","urlTemplate":"https:\/\/larchedesbambinous.fr\/?s={search_term_string}"},"query-input":"required name=search_term_string"}],"inLanguage":"en-US"},{"@type":"WebPage","@id":"https:\/\/larchedesbambinous.fr\/index.php\/la-micro-creche-sociale\/#webpage","url":"https:\/\/larchedesbambinous.fr\/index.php\/la-micro-creche-sociale\/","name":"La micro-cr\u00e8che sociale - L&#039;Arche des Bambinous","isPartOf":{"@id":"https:\/\/larchedesbambinous.fr\/#website"},"datePublished":"2018-02-13T00:37:35+00:00","dateModified":"2022-06-14T20:10:32+00:00","breadcrumb":{"@id":"https:\/\/larchedesbambinous.fr\/index.php\/la-micro-creche-sociale\/#breadcrumb"},"inLanguage":"en-US","potentialAction":[{"@type":"ReadAction","target":["https:\/\/larchedesbambinous.fr\/index.php\/la-micro-creche-sociale\/"]}]},{"@type":"BreadcrumbList","@id":"https:\/\/larchedesbambinous.fr\/index.php\/la-micro-creche-sociale\/#breadcrumb","itemListElement":[{"@type":"ListItem","position":1,"name":"Home","item":"https:\/\/larchedesbambinous.fr\/"},{"@type":"ListItem","position":2,"name":"La micro-cr\u00e8che sociale"}]}]}},"_links":{"self":[{"href":"https:\/\/larchedesbambinous.fr\/index.php\/wp-json\/wp\/v2\/pages\/23"}],"collection":[{"href":"https:\/\/larchedesbambinous.fr\/index.php\/wp-json\/wp\/v2\/pages"}],"about":[{"href":"https:\/\/larchedesbambinous.fr\/index.php\/wp-json\/wp\/v2\/types\/page"}],"author":[{"embeddable":true,"href":"https:\/\/larchedesbambinous.fr\/index.php\/wp-json\/wp\/v2\/users\/1"}],"replies":[{"embeddable":true,"href":"https:\/\/larchedesbambinous.fr\/index.php\/wp-json\/wp\/v2\/comments?post=23"}],"version-history":[{"count":10,"href":"https:\/\/larchedesbambinous.fr\/index.php\/wp-json\/wp\/v2\/pages\/23\/revisions"}],"predecessor-version":[{"id":306,"href":"https:\/\/larchedesbambinous.fr\/index.php\/wp-json\/wp\/v2\/pages\/23\/revisions\/306"}],"wp:attachment":[{"href":"https:\/\/larchedesbambinous.fr\/index.php\/wp-json\/wp\/v2\/media?parent=23"}],"curies":[{"name":"wp","href":"https:\/\/api.w.org\/{rel}","templated":true}]}}