{"id":80,"date":"2018-02-14T20:16:46","date_gmt":"2018-02-14T19:16:46","guid":{"rendered":"http:\/\/larchedesbambinous.fr\/?page_id=80"},"modified":"2021-06-23T23:42:06","modified_gmt":"2021-06-23T21:42:06","slug":"contact","status":"publish","type":"page","link":"https:\/\/larchedesbambinous.fr\/index.php\/contact\/","title":{"rendered":"Contact"},"content":{"rendered":"<h2 style=\"text-align: center;\"><em><strong>\u00a0Nos coordonn\u00e9es:<\/strong><\/em><\/h2>\n<h3><em>Micro-cr\u00e8che L&#8217;Arche<\/em><em>\u00a0des Bambinous<\/em><\/h3>\n<h5><img decoding=\"async\" loading=\"lazy\" class=\"wp-image-7 alignleft\" src=\"http:\/\/larchedesbambinous.fr\/wp-content\/uploads\/2018\/02\/cropped-Logo-micro-creche-pro-300x143.png\" alt=\"\" width=\"262\" height=\"125\" srcset=\"https:\/\/larchedesbambinous.fr\/wp-content\/uploads\/2018\/02\/cropped-Logo-micro-creche-pro-300x143.png 300w, https:\/\/larchedesbambinous.fr\/wp-content\/uploads\/2018\/02\/cropped-Logo-micro-creche-pro.png 637w\" sizes=\"(max-width: 262px) 100vw, 262px\" \/><\/h5>\n<h5><\/h5>\n<h5><\/h5>\n<h5><\/h5>\n<h5><\/h5>\n<h5>64 R\u00e9sidence M\u00e9rosier Narbal<\/h5>\n<h5>B\u00e2timent D2 &#8211; Belcourt<\/h5>\n<h5>97122 BAIE-MAHAULT<\/h5>\n<h5><strong>Tel:<\/strong> 0590 03 02 71<\/h5>\n<h5>Mail:\u00a0<a href=\"mailto:microcreche.larchedesbambinous@gmail.com\">\u00a0microcreche.larchedesbambinous@gmail.com<\/a><\/h5>\n<h5>Nous suivre sur\u00a0<a href=\"https:\/\/www.facebook.com\/Micro-cr%C3%A8che-LArche-des-Bambinous-170594110228766\/\">FACEBOOK !!!<\/a><\/h5>\n<h2 style=\"text-align: center;\"><em><strong>Nous contacter :<\/strong><\/em><\/h2>\n\n<div class=\"wpcf7 no-js\" id=\"wpcf7-f108-o1\" lang=\"fr-FR\" dir=\"ltr\">\n<div class=\"screen-reader-response\"><p role=\"status\" aria-live=\"polite\" aria-atomic=\"true\"><\/p> <ul><\/ul><\/div>\n<form action=\"\/index.php\/wp-json\/wp\/v2\/pages\/80#wpcf7-f108-o1\" method=\"post\" class=\"wpcf7-form init\" aria-label=\"Formulaire de contact\" novalidate=\"novalidate\" data-status=\"init\">\n<div style=\"display: none;\">\n<input type=\"hidden\" name=\"_wpcf7\" value=\"108\" \/>\n<input type=\"hidden\" name=\"_wpcf7_version\" value=\"5.7.7\" \/>\n<input type=\"hidden\" name=\"_wpcf7_locale\" value=\"fr_FR\" \/>\n<input type=\"hidden\" name=\"_wpcf7_unit_tag\" value=\"wpcf7-f108-o1\" \/>\n<input type=\"hidden\" name=\"_wpcf7_container_post\" value=\"0\" \/>\n<input type=\"hidden\" name=\"_wpcf7_posted_data_hash\" value=\"\" \/>\n<\/div>\n<p><label> Votre nom (obligatoire)<br \/>\n<span class=\"wpcf7-form-control-wrap\" data-name=\"your-name\"><input size=\"40\" class=\"wpcf7-form-control wpcf7-text wpcf7-validates-as-required\" aria-required=\"true\" aria-invalid=\"false\" value=\"\" type=\"text\" name=\"your-name\" \/><\/span> <\/label>\n<\/p>\n<p><label> Votre adresse de messagerie (obligatoire)<br \/>\n<span class=\"wpcf7-form-control-wrap\" data-name=\"your-email\"><input size=\"40\" class=\"wpcf7-form-control wpcf7-text wpcf7-email wpcf7-validates-as-required wpcf7-validates-as-email\" aria-required=\"true\" aria-invalid=\"false\" value=\"\" type=\"email\" name=\"your-email\" \/><\/span> <\/label>\n<\/p>\n<p><label> Votre num\u00e9ro de t\u00e9l\u00e9phone (obligatoire)<br \/>\n<span class=\"wpcf7-form-control-wrap\" data-name=\"tel-66\"><input size=\"40\" class=\"wpcf7-form-control wpcf7-text wpcf7-tel wpcf7-validates-as-required wpcf7-validates-as-tel\" aria-required=\"true\" aria-invalid=\"false\" value=\"\" type=\"tel\" name=\"tel-66\" \/><\/span> <\/label>\n<\/p>\n<p><label> Objet<br \/>\n<span class=\"wpcf7-form-control-wrap\" data-name=\"your-subject\"><input size=\"40\" class=\"wpcf7-form-control wpcf7-text\" aria-invalid=\"false\" value=\"\" type=\"text\" name=\"your-subject\" \/><\/span> <\/label>\n<\/p>\n<p><label> Votre message<br \/>\n<span class=\"wpcf7-form-control-wrap\" data-name=\"your-message\"><textarea cols=\"40\" rows=\"10\" class=\"wpcf7-form-control wpcf7-textarea\" aria-invalid=\"false\" name=\"your-message\"><\/textarea><\/span> <\/label>\n<\/p>\n<p><input class=\"wpcf7-form-control has-spinner wpcf7-submit\" type=\"submit\" value=\"Envoyer\" \/>\n<\/p><p style=\"display: none !important;\" class=\"akismet-fields-container\" data-prefix=\"_wpcf7_ak_\"><label>&#916;<textarea name=\"_wpcf7_ak_hp_textarea\" cols=\"45\" rows=\"8\" maxlength=\"100\"><\/textarea><\/label><input type=\"hidden\" id=\"ak_js_1\" name=\"_wpcf7_ak_js\" value=\"53\"\/><script>document.getElementById( \"ak_js_1\" ).setAttribute( \"value\", ( new Date() ).getTime() );<\/script><\/p><div class=\"wpcf7-response-output\" aria-hidden=\"true\"><\/div>\n<\/form>\n<\/div>\n\n","protected":false},"excerpt":{"rendered":"<p>\u00a0Nos coordonn\u00e9es: Micro-cr\u00e8che L&#8217;Arche\u00a0des Bambinous 64 R\u00e9sidence M\u00e9rosier Narbal B\u00e2timent D2 &#8211; Belcourt 97122 BAIE-MAHAULT Tel: 0590 03 02 71 Mail:\u00a0\u00a0microcreche.larchedesbambinous@gmail.com Nous suivre sur\u00a0FACEBOOK !!! Nous contacter :<\/p>\n","protected":false},"author":1,"featured_media":0,"parent":0,"menu_order":0,"comment_status":"closed","ping_status":"closed","template":"","meta":[],"yoast_head":"<!-- This site is optimized with the Yoast SEO plugin v19.1 - https:\/\/yoast.com\/wordpress\/plugins\/seo\/ -->\n<title>Contact - L&#039;Arche des Bambinous<\/title>\n<meta name=\"robots\" content=\"index, follow, max-snippet:-1, max-image-preview:large, max-video-preview:-1\" \/>\n<link rel=\"canonical\" href=\"https:\/\/larchedesbambinous.fr\/index.php\/contact\/\" \/>\n<meta property=\"og:locale\" content=\"en_US\" \/>\n<meta property=\"og:type\" content=\"article\" \/>\n<meta property=\"og:title\" content=\"Contact - L&#039;Arche des Bambinous\" \/>\n<meta property=\"og:description\" content=\"\u00a0Nos coordonn\u00e9es: Micro-cr\u00e8che L&#8217;Arche\u00a0des Bambinous 64 R\u00e9sidence M\u00e9rosier Narbal B\u00e2timent D2 &#8211; Belcourt 97122 BAIE-MAHAULT Tel: 0590 03 02 71 Mail:\u00a0\u00a0microcreche.larchedesbambinous@gmail.com Nous suivre sur\u00a0FACEBOOK !!! Nous contacter :\" \/>\n<meta property=\"og:url\" content=\"https:\/\/larchedesbambinous.fr\/index.php\/contact\/\" \/>\n<meta property=\"og:site_name\" content=\"L&#039;Arche des Bambinous\" \/>\n<meta property=\"article:publisher\" content=\"https:\/\/fr-fr.facebook.com\/pages\/biz\/97122\/Micro-cr%c3%a8che-LArche-des-Bambinous-170594110228766\" \/>\n<meta property=\"article:modified_time\" content=\"2021-06-23T21:42:06+00:00\" \/>\n<meta property=\"og:image\" content=\"http:\/\/larchedesbambinous.fr\/wp-content\/uploads\/2018\/02\/cropped-Logo-micro-creche-pro-300x143.png\" \/>\n<meta name=\"twitter:card\" content=\"summary_large_image\" \/>\n<script type=\"application\/ld+json\" class=\"yoast-schema-graph\">{\"@context\":\"https:\/\/schema.org\",\"@graph\":[{\"@type\":\"Organization\",\"@id\":\"https:\/\/larchedesbambinous.fr\/#organization\",\"name\":\"Micro-cr\u00e8che L'Arche des Bambinous\",\"url\":\"https:\/\/larchedesbambinous.fr\/\",\"sameAs\":[\"https:\/\/fr-fr.facebook.com\/pages\/biz\/97122\/Micro-cr\u00e8che-LArche-des-Bambinous-170594110228766\"],\"logo\":{\"@type\":\"ImageObject\",\"inLanguage\":\"en-US\",\"@id\":\"https:\/\/larchedesbambinous.fr\/#\/schema\/logo\/image\/\",\"url\":\"http:\/\/larchedesbambinous.fr\/wp-content\/uploads\/2018\/02\/Logo-site-micro-creche-pro.png\",\"contentUrl\":\"http:\/\/larchedesbambinous.fr\/wp-content\/uploads\/2018\/02\/Logo-site-micro-creche-pro.png\",\"width\":160,\"height\":150,\"caption\":\"Micro-cr\u00e8che L'Arche des Bambinous\"},\"image\":{\"@id\":\"https:\/\/larchedesbambinous.fr\/#\/schema\/logo\/image\/\"}},{\"@type\":\"WebSite\",\"@id\":\"https:\/\/larchedesbambinous.fr\/#website\",\"url\":\"https:\/\/larchedesbambinous.fr\/\",\"name\":\"L'Arche des Bambinous\",\"description\":\"Micro-cr\u00e8che \u00e0 Baie-Mahault , Guadeloupe\",\"publisher\":{\"@id\":\"https:\/\/larchedesbambinous.fr\/#organization\"},\"potentialAction\":[{\"@type\":\"SearchAction\",\"target\":{\"@type\":\"EntryPoint\",\"urlTemplate\":\"https:\/\/larchedesbambinous.fr\/?s={search_term_string}\"},\"query-input\":\"required name=search_term_string\"}],\"inLanguage\":\"en-US\"},{\"@type\":\"ImageObject\",\"inLanguage\":\"en-US\",\"@id\":\"https:\/\/larchedesbambinous.fr\/index.php\/contact\/#primaryimage\",\"url\":\"https:\/\/larchedesbambinous.fr\/wp-content\/uploads\/2018\/02\/cropped-Logo-micro-creche-pro.png\",\"contentUrl\":\"https:\/\/larchedesbambinous.fr\/wp-content\/uploads\/2018\/02\/cropped-Logo-micro-creche-pro.png\",\"width\":637,\"height\":303},{\"@type\":\"WebPage\",\"@id\":\"https:\/\/larchedesbambinous.fr\/index.php\/contact\/#webpage\",\"url\":\"https:\/\/larchedesbambinous.fr\/index.php\/contact\/\",\"name\":\"Contact - L&#039;Arche des Bambinous\",\"isPartOf\":{\"@id\":\"https:\/\/larchedesbambinous.fr\/#website\"},\"primaryImageOfPage\":{\"@id\":\"https:\/\/larchedesbambinous.fr\/index.php\/contact\/#primaryimage\"},\"datePublished\":\"2018-02-14T19:16:46+00:00\",\"dateModified\":\"2021-06-23T21:42:06+00:00\",\"breadcrumb\":{\"@id\":\"https:\/\/larchedesbambinous.fr\/index.php\/contact\/#breadcrumb\"},\"inLanguage\":\"en-US\",\"potentialAction\":[{\"@type\":\"ReadAction\",\"target\":[\"https:\/\/larchedesbambinous.fr\/index.php\/contact\/\"]}]},{\"@type\":\"BreadcrumbList\",\"@id\":\"https:\/\/larchedesbambinous.fr\/index.php\/contact\/#breadcrumb\",\"itemListElement\":[{\"@type\":\"ListItem\",\"position\":1,\"name\":\"Home\",\"item\":\"https:\/\/larchedesbambinous.fr\/\"},{\"@type\":\"ListItem\",\"position\":2,\"name\":\"Contact\"}]}]}<\/script>\n<!-- \/ Yoast SEO plugin. -->","yoast_head_json":{"title":"Contact - L&#039;Arche des Bambinous","robots":{"index":"index","follow":"follow","max-snippet":"max-snippet:-1","max-image-preview":"max-image-preview:large","max-video-preview":"max-video-preview:-1"},"canonical":"https:\/\/larchedesbambinous.fr\/index.php\/contact\/","og_locale":"en_US","og_type":"article","og_title":"Contact - L&#039;Arche des Bambinous","og_description":"\u00a0Nos coordonn\u00e9es: Micro-cr\u00e8che L&#8217;Arche\u00a0des Bambinous 64 R\u00e9sidence M\u00e9rosier Narbal B\u00e2timent D2 &#8211; Belcourt 97122 BAIE-MAHAULT Tel: 0590 03 02 71 Mail:\u00a0\u00a0microcreche.larchedesbambinous@gmail.com Nous suivre sur\u00a0FACEBOOK !!! Nous contacter :","og_url":"https:\/\/larchedesbambinous.fr\/index.php\/contact\/","og_site_name":"L&#039;Arche des Bambinous","article_publisher":"https:\/\/fr-fr.facebook.com\/pages\/biz\/97122\/Micro-cr%c3%a8che-LArche-des-Bambinous-170594110228766","article_modified_time":"2021-06-23T21:42:06+00:00","og_image":[{"url":"http:\/\/larchedesbambinous.fr\/wp-content\/uploads\/2018\/02\/cropped-Logo-micro-creche-pro-300x143.png"}],"twitter_card":"summary_large_image","schema":{"@context":"https:\/\/schema.org","@graph":[{"@type":"Organization","@id":"https:\/\/larchedesbambinous.fr\/#organization","name":"Micro-cr\u00e8che L'Arche des Bambinous","url":"https:\/\/larchedesbambinous.fr\/","sameAs":["https:\/\/fr-fr.facebook.com\/pages\/biz\/97122\/Micro-cr\u00e8che-LArche-des-Bambinous-170594110228766"],"logo":{"@type":"ImageObject","inLanguage":"en-US","@id":"https:\/\/larchedesbambinous.fr\/#\/schema\/logo\/image\/","url":"http:\/\/larchedesbambinous.fr\/wp-content\/uploads\/2018\/02\/Logo-site-micro-creche-pro.png","contentUrl":"http:\/\/larchedesbambinous.fr\/wp-content\/uploads\/2018\/02\/Logo-site-micro-creche-pro.png","width":160,"height":150,"caption":"Micro-cr\u00e8che L'Arche des Bambinous"},"image":{"@id":"https:\/\/larchedesbambinous.fr\/#\/schema\/logo\/image\/"}},{"@type":"WebSite","@id":"https:\/\/larchedesbambinous.fr\/#website","url":"https:\/\/larchedesbambinous.fr\/","name":"L'Arche des Bambinous","description":"Micro-cr\u00e8che \u00e0 Baie-Mahault , Guadeloupe","publisher":{"@id":"https:\/\/larchedesbambinous.fr\/#organization"},"potentialAction":[{"@type":"SearchAction","target":{"@type":"EntryPoint","urlTemplate":"https:\/\/larchedesbambinous.fr\/?s={search_term_string}"},"query-input":"required name=search_term_string"}],"inLanguage":"en-US"},{"@type":"ImageObject","inLanguage":"en-US","@id":"https:\/\/larchedesbambinous.fr\/index.php\/contact\/#primaryimage","url":"https:\/\/larchedesbambinous.fr\/wp-content\/uploads\/2018\/02\/cropped-Logo-micro-creche-pro.png","contentUrl":"https:\/\/larchedesbambinous.fr\/wp-content\/uploads\/2018\/02\/cropped-Logo-micro-creche-pro.png","width":637,"height":303},{"@type":"WebPage","@id":"https:\/\/larchedesbambinous.fr\/index.php\/contact\/#webpage","url":"https:\/\/larchedesbambinous.fr\/index.php\/contact\/","name":"Contact - L&#039;Arche des Bambinous","isPartOf":{"@id":"https:\/\/larchedesbambinous.fr\/#website"},"primaryImageOfPage":{"@id":"https:\/\/larchedesbambinous.fr\/index.php\/contact\/#primaryimage"},"datePublished":"2018-02-14T19:16:46+00:00","dateModified":"2021-06-23T21:42:06+00:00","breadcrumb":{"@id":"https:\/\/larchedesbambinous.fr\/index.php\/contact\/#breadcrumb"},"inLanguage":"en-US","potentialAction":[{"@type":"ReadAction","target":["https:\/\/larchedesbambinous.fr\/index.php\/contact\/"]}]},{"@type":"BreadcrumbList","@id":"https:\/\/larchedesbambinous.fr\/index.php\/contact\/#breadcrumb","itemListElement":[{"@type":"ListItem","position":1,"name":"Home","item":"https:\/\/larchedesbambinous.fr\/"},{"@type":"ListItem","position":2,"name":"Contact"}]}]}},"_links":{"self":[{"href":"https:\/\/larchedesbambinous.fr\/index.php\/wp-json\/wp\/v2\/pages\/80"}],"collection":[{"href":"https:\/\/larchedesbambinous.fr\/index.php\/wp-json\/wp\/v2\/pages"}],"about":[{"href":"https:\/\/larchedesbambinous.fr\/index.php\/wp-json\/wp\/v2\/types\/page"}],"author":[{"embeddable":true,"href":"https:\/\/larchedesbambinous.fr\/index.php\/wp-json\/wp\/v2\/users\/1"}],"replies":[{"embeddable":true,"href":"https:\/\/larchedesbambinous.fr\/index.php\/wp-json\/wp\/v2\/comments?post=80"}],"version-history":[{"count":10,"href":"https:\/\/larchedesbambinous.fr\/index.php\/wp-json\/wp\/v2\/pages\/80\/revisions"}],"predecessor-version":[{"id":285,"href":"https:\/\/larchedesbambinous.fr\/index.php\/wp-json\/wp\/v2\/pages\/80\/revisions\/285"}],"wp:attachment":[{"href":"https:\/\/larchedesbambinous.fr\/index.php\/wp-json\/wp\/v2\/media?parent=80"}],"curies":[{"name":"wp","href":"https:\/\/api.w.org\/{rel}","templated":true}]}}