{"id":83,"date":"2018-02-14T20:18:15","date_gmt":"2018-02-14T19:18:15","guid":{"rendered":"http:\/\/larchedesbambinous.fr\/?page_id=83"},"modified":"2019-08-22T17:45:35","modified_gmt":"2019-08-22T15:45:35","slug":"bebe-signe","status":"publish","type":"page","link":"https:\/\/larchedesbambinous.fr\/index.php\/bebe-signe\/","title":{"rendered":"B\u00e9b\u00e9 Signe"},"content":{"rendered":"<blockquote>\n<h2 style=\"text-align: center;\"><span style=\"color: #000000; font-family: Calibri; font-size: medium;\">La m\u00e9thode Baby signs,\u00a0\u00a0c\u2019est quoi\u00a0?<\/span><\/h2>\n<\/blockquote>\n<p><span style=\"color: #000000; font-family: Calibri; font-size: medium;\">Il n\u2019est pas toujours \u00e9vident de comprendre les besoins des b\u00e9b\u00e9s\u00a0! Leurs seuls moyens de communication d\u00e9s leurs premiers mois sont les pleurs, les rires, les sourires et pour certains les grimaces. Par la suite, vers les premi\u00e8res ann\u00e9es de son existence, viennent les mots puis les phrases simple vers des phrases plus complexes, les ann\u00e9es suivantes au fur et \u00e0 mesures\u2026<\/span><\/p>\n<p><img decoding=\"async\" loading=\"lazy\" class=\"wp-image-251 aligncenter\" src=\"http:\/\/larchedesbambinous.fr\/wp-content\/uploads\/2019\/08\/f0e72f194d8ebb88f432a472d31f5bff-200x300.jpg\" alt=\"\" width=\"275\" height=\"413\" srcset=\"https:\/\/larchedesbambinous.fr\/wp-content\/uploads\/2019\/08\/f0e72f194d8ebb88f432a472d31f5bff-200x300.jpg 200w, https:\/\/larchedesbambinous.fr\/wp-content\/uploads\/2019\/08\/f0e72f194d8ebb88f432a472d31f5bff.jpg 400w\" sizes=\"(max-width: 275px) 100vw, 275px\" \/><\/p>\n<p><span style=\"color: #000000; font-family: Calibri; font-size: medium;\">En attendant, vous devrez patientez avant de comprendre pr\u00e9cis\u00e9ment ce que votre b\u00e9b\u00e9 veut\u00a0! Mais\u00a0\u00a0c\u2019est la que la m\u00e9thode baby signs intervient ! <\/span><\/p>\n<p><span style=\"color: #000000; font-family: Calibri; font-size: medium;\">En effet, la m\u00e9thode baby signs ou le langage des signes pour b\u00e9b\u00e9 est un langage de transition qui permet d\u2019utiliser des gestes, des signes de mains pour illustrer des mots courants comme manger, boire,fini, dormir, pipi ou caca.<\/span><\/p>\n<p><img decoding=\"async\" loading=\"lazy\" class=\"size-medium wp-image-252 aligncenter\" src=\"http:\/\/larchedesbambinous.fr\/wp-content\/uploads\/2019\/08\/fiche1-300x225.jpg\" alt=\"\" width=\"300\" height=\"225\" srcset=\"https:\/\/larchedesbambinous.fr\/wp-content\/uploads\/2019\/08\/fiche1-300x225.jpg 300w, https:\/\/larchedesbambinous.fr\/wp-content\/uploads\/2019\/08\/fiche1-768x577.jpg 768w, https:\/\/larchedesbambinous.fr\/wp-content\/uploads\/2019\/08\/fiche1.jpg 922w\" sizes=\"(max-width: 300px) 100vw, 300px\" \/><\/p>\n<p><span style=\"color: #000000; font-family: Calibri; font-size: medium;\">L\u2019utilisation des signes peut \u00eatre utile pour les parents qui souhaitent faciliter la communication avec <strong>leur b\u00e9b\u00e9 de 6 mois \u00e0 24 mois<\/strong>, soit avant qu\u2019il parle et au d\u00e9but de l\u2019apprentissage de la parole. Il peut \u00eatre mis en place parfaitement avec un b\u00e9b\u00e9 entendant! L\u2019apprentissage est ludique, elle se fait avec des comptines, des jeux en total interaction avec votre enfant.<\/span><\/p>\n<p><span style=\"color: #000000; font-family: Calibri; font-size: medium;\">Cette m\u00e9thode ne retarde pas l\u2019arriv\u00e9e du langage chez l\u2019enfant. Bien au contraire des \u00e9tudes ont prouv\u00e9s qu\u2019elle permettrait \u00e0 l\u2019enfant de mieux s\u2019exprimer par des phrases plus compl\u00e8tes, car il s\u2019agit d\u2019une activit\u00e9 qui peut \u00eatre stimulante et qui favorise aussi la confiance dans la relation parents-enfant. <\/span><\/p>\n<p style=\"text-align: center;\"><em><strong><span style=\"color: #000000; font-family: Calibri; font-size: medium;\">En plus clair, elle permet d\u2019\u00e9veiller ind\u00e9niablement sont b\u00e9b\u00e9 au monde qui l\u2019entoure\u00a0!<\/span><\/strong><\/em><\/p>\n","protected":false},"excerpt":{"rendered":"<p>La m\u00e9thode Baby signs,\u00a0\u00a0c\u2019est quoi\u00a0? Il n\u2019est pas toujours \u00e9vident de comprendre les besoins des b\u00e9b\u00e9s\u00a0! Leurs seuls moyens de communication d\u00e9s leurs premiers mois sont les pleurs, les rires, les sourires et pour certains les grimaces. Par la suite, &hellip; <\/p>\n","protected":false},"author":1,"featured_media":0,"parent":0,"menu_order":0,"comment_status":"closed","ping_status":"closed","template":"","meta":[],"yoast_head":"<!-- This site is optimized with the Yoast SEO plugin v19.1 - https:\/\/yoast.com\/wordpress\/plugins\/seo\/ -->\n<title>B\u00e9b\u00e9 Signe - L&#039;Arche des Bambinous<\/title>\n<meta name=\"robots\" content=\"index, follow, max-snippet:-1, max-image-preview:large, max-video-preview:-1\" \/>\n<link rel=\"canonical\" href=\"https:\/\/larchedesbambinous.fr\/index.php\/bebe-signe\/\" \/>\n<meta property=\"og:locale\" content=\"en_US\" \/>\n<meta property=\"og:type\" content=\"article\" \/>\n<meta property=\"og:title\" content=\"B\u00e9b\u00e9 Signe - L&#039;Arche des Bambinous\" \/>\n<meta property=\"og:description\" content=\"La m\u00e9thode Baby signs,\u00a0\u00a0c\u2019est quoi\u00a0? Il n\u2019est pas toujours \u00e9vident de comprendre les besoins des b\u00e9b\u00e9s\u00a0! Leurs seuls moyens de communication d\u00e9s leurs premiers mois sont les pleurs, les rires, les sourires et pour certains les grimaces. Par la suite, &hellip;\" \/>\n<meta property=\"og:url\" content=\"https:\/\/larchedesbambinous.fr\/index.php\/bebe-signe\/\" \/>\n<meta property=\"og:site_name\" content=\"L&#039;Arche des Bambinous\" \/>\n<meta property=\"article:publisher\" content=\"https:\/\/fr-fr.facebook.com\/pages\/biz\/97122\/Micro-cr%c3%a8che-LArche-des-Bambinous-170594110228766\" \/>\n<meta property=\"article:modified_time\" content=\"2019-08-22T15:45:35+00:00\" \/>\n<meta property=\"og:image\" content=\"http:\/\/larchedesbambinous.fr\/wp-content\/uploads\/2019\/08\/f0e72f194d8ebb88f432a472d31f5bff-200x300.jpg\" \/>\n<meta name=\"twitter:card\" content=\"summary_large_image\" \/>\n<meta name=\"twitter:label1\" content=\"Est. reading time\" \/>\n\t<meta name=\"twitter:data1\" content=\"1 minute\" \/>\n<script type=\"application\/ld+json\" class=\"yoast-schema-graph\">{\"@context\":\"https:\/\/schema.org\",\"@graph\":[{\"@type\":\"Organization\",\"@id\":\"https:\/\/larchedesbambinous.fr\/#organization\",\"name\":\"Micro-cr\u00e8che L'Arche des Bambinous\",\"url\":\"https:\/\/larchedesbambinous.fr\/\",\"sameAs\":[\"https:\/\/fr-fr.facebook.com\/pages\/biz\/97122\/Micro-cr\u00e8che-LArche-des-Bambinous-170594110228766\"],\"logo\":{\"@type\":\"ImageObject\",\"inLanguage\":\"en-US\",\"@id\":\"https:\/\/larchedesbambinous.fr\/#\/schema\/logo\/image\/\",\"url\":\"http:\/\/larchedesbambinous.fr\/wp-content\/uploads\/2018\/02\/Logo-site-micro-creche-pro.png\",\"contentUrl\":\"http:\/\/larchedesbambinous.fr\/wp-content\/uploads\/2018\/02\/Logo-site-micro-creche-pro.png\",\"width\":160,\"height\":150,\"caption\":\"Micro-cr\u00e8che L'Arche des Bambinous\"},\"image\":{\"@id\":\"https:\/\/larchedesbambinous.fr\/#\/schema\/logo\/image\/\"}},{\"@type\":\"WebSite\",\"@id\":\"https:\/\/larchedesbambinous.fr\/#website\",\"url\":\"https:\/\/larchedesbambinous.fr\/\",\"name\":\"L'Arche des Bambinous\",\"description\":\"Micro-cr\u00e8che \u00e0 Baie-Mahault , Guadeloupe\",\"publisher\":{\"@id\":\"https:\/\/larchedesbambinous.fr\/#organization\"},\"potentialAction\":[{\"@type\":\"SearchAction\",\"target\":{\"@type\":\"EntryPoint\",\"urlTemplate\":\"https:\/\/larchedesbambinous.fr\/?s={search_term_string}\"},\"query-input\":\"required name=search_term_string\"}],\"inLanguage\":\"en-US\"},{\"@type\":\"ImageObject\",\"inLanguage\":\"en-US\",\"@id\":\"https:\/\/larchedesbambinous.fr\/index.php\/bebe-signe\/#primaryimage\",\"url\":\"https:\/\/larchedesbambinous.fr\/wp-content\/uploads\/2019\/08\/f0e72f194d8ebb88f432a472d31f5bff.jpg\",\"contentUrl\":\"https:\/\/larchedesbambinous.fr\/wp-content\/uploads\/2019\/08\/f0e72f194d8ebb88f432a472d31f5bff.jpg\",\"width\":400,\"height\":600},{\"@type\":\"WebPage\",\"@id\":\"https:\/\/larchedesbambinous.fr\/index.php\/bebe-signe\/#webpage\",\"url\":\"https:\/\/larchedesbambinous.fr\/index.php\/bebe-signe\/\",\"name\":\"B\u00e9b\u00e9 Signe - L&#039;Arche des Bambinous\",\"isPartOf\":{\"@id\":\"https:\/\/larchedesbambinous.fr\/#website\"},\"primaryImageOfPage\":{\"@id\":\"https:\/\/larchedesbambinous.fr\/index.php\/bebe-signe\/#primaryimage\"},\"datePublished\":\"2018-02-14T19:18:15+00:00\",\"dateModified\":\"2019-08-22T15:45:35+00:00\",\"breadcrumb\":{\"@id\":\"https:\/\/larchedesbambinous.fr\/index.php\/bebe-signe\/#breadcrumb\"},\"inLanguage\":\"en-US\",\"potentialAction\":[{\"@type\":\"ReadAction\",\"target\":[\"https:\/\/larchedesbambinous.fr\/index.php\/bebe-signe\/\"]}]},{\"@type\":\"BreadcrumbList\",\"@id\":\"https:\/\/larchedesbambinous.fr\/index.php\/bebe-signe\/#breadcrumb\",\"itemListElement\":[{\"@type\":\"ListItem\",\"position\":1,\"name\":\"Home\",\"item\":\"https:\/\/larchedesbambinous.fr\/\"},{\"@type\":\"ListItem\",\"position\":2,\"name\":\"B\u00e9b\u00e9 Signe\"}]}]}<\/script>\n<!-- \/ Yoast SEO plugin. -->","yoast_head_json":{"title":"B\u00e9b\u00e9 Signe - L&#039;Arche des Bambinous","robots":{"index":"index","follow":"follow","max-snippet":"max-snippet:-1","max-image-preview":"max-image-preview:large","max-video-preview":"max-video-preview:-1"},"canonical":"https:\/\/larchedesbambinous.fr\/index.php\/bebe-signe\/","og_locale":"en_US","og_type":"article","og_title":"B\u00e9b\u00e9 Signe - L&#039;Arche des Bambinous","og_description":"La m\u00e9thode Baby signs,\u00a0\u00a0c\u2019est quoi\u00a0? Il n\u2019est pas toujours \u00e9vident de comprendre les besoins des b\u00e9b\u00e9s\u00a0! Leurs seuls moyens de communication d\u00e9s leurs premiers mois sont les pleurs, les rires, les sourires et pour certains les grimaces. Par la suite, &hellip;","og_url":"https:\/\/larchedesbambinous.fr\/index.php\/bebe-signe\/","og_site_name":"L&#039;Arche des Bambinous","article_publisher":"https:\/\/fr-fr.facebook.com\/pages\/biz\/97122\/Micro-cr%c3%a8che-LArche-des-Bambinous-170594110228766","article_modified_time":"2019-08-22T15:45:35+00:00","og_image":[{"url":"http:\/\/larchedesbambinous.fr\/wp-content\/uploads\/2019\/08\/f0e72f194d8ebb88f432a472d31f5bff-200x300.jpg"}],"twitter_card":"summary_large_image","twitter_misc":{"Est. reading time":"1 minute"},"schema":{"@context":"https:\/\/schema.org","@graph":[{"@type":"Organization","@id":"https:\/\/larchedesbambinous.fr\/#organization","name":"Micro-cr\u00e8che L'Arche des Bambinous","url":"https:\/\/larchedesbambinous.fr\/","sameAs":["https:\/\/fr-fr.facebook.com\/pages\/biz\/97122\/Micro-cr\u00e8che-LArche-des-Bambinous-170594110228766"],"logo":{"@type":"ImageObject","inLanguage":"en-US","@id":"https:\/\/larchedesbambinous.fr\/#\/schema\/logo\/image\/","url":"http:\/\/larchedesbambinous.fr\/wp-content\/uploads\/2018\/02\/Logo-site-micro-creche-pro.png","contentUrl":"http:\/\/larchedesbambinous.fr\/wp-content\/uploads\/2018\/02\/Logo-site-micro-creche-pro.png","width":160,"height":150,"caption":"Micro-cr\u00e8che L'Arche des Bambinous"},"image":{"@id":"https:\/\/larchedesbambinous.fr\/#\/schema\/logo\/image\/"}},{"@type":"WebSite","@id":"https:\/\/larchedesbambinous.fr\/#website","url":"https:\/\/larchedesbambinous.fr\/","name":"L'Arche des Bambinous","description":"Micro-cr\u00e8che \u00e0 Baie-Mahault , Guadeloupe","publisher":{"@id":"https:\/\/larchedesbambinous.fr\/#organization"},"potentialAction":[{"@type":"SearchAction","target":{"@type":"EntryPoint","urlTemplate":"https:\/\/larchedesbambinous.fr\/?s={search_term_string}"},"query-input":"required name=search_term_string"}],"inLanguage":"en-US"},{"@type":"ImageObject","inLanguage":"en-US","@id":"https:\/\/larchedesbambinous.fr\/index.php\/bebe-signe\/#primaryimage","url":"https:\/\/larchedesbambinous.fr\/wp-content\/uploads\/2019\/08\/f0e72f194d8ebb88f432a472d31f5bff.jpg","contentUrl":"https:\/\/larchedesbambinous.fr\/wp-content\/uploads\/2019\/08\/f0e72f194d8ebb88f432a472d31f5bff.jpg","width":400,"height":600},{"@type":"WebPage","@id":"https:\/\/larchedesbambinous.fr\/index.php\/bebe-signe\/#webpage","url":"https:\/\/larchedesbambinous.fr\/index.php\/bebe-signe\/","name":"B\u00e9b\u00e9 Signe - L&#039;Arche des Bambinous","isPartOf":{"@id":"https:\/\/larchedesbambinous.fr\/#website"},"primaryImageOfPage":{"@id":"https:\/\/larchedesbambinous.fr\/index.php\/bebe-signe\/#primaryimage"},"datePublished":"2018-02-14T19:18:15+00:00","dateModified":"2019-08-22T15:45:35+00:00","breadcrumb":{"@id":"https:\/\/larchedesbambinous.fr\/index.php\/bebe-signe\/#breadcrumb"},"inLanguage":"en-US","potentialAction":[{"@type":"ReadAction","target":["https:\/\/larchedesbambinous.fr\/index.php\/bebe-signe\/"]}]},{"@type":"BreadcrumbList","@id":"https:\/\/larchedesbambinous.fr\/index.php\/bebe-signe\/#breadcrumb","itemListElement":[{"@type":"ListItem","position":1,"name":"Home","item":"https:\/\/larchedesbambinous.fr\/"},{"@type":"ListItem","position":2,"name":"B\u00e9b\u00e9 Signe"}]}]}},"_links":{"self":[{"href":"https:\/\/larchedesbambinous.fr\/index.php\/wp-json\/wp\/v2\/pages\/83"}],"collection":[{"href":"https:\/\/larchedesbambinous.fr\/index.php\/wp-json\/wp\/v2\/pages"}],"about":[{"href":"https:\/\/larchedesbambinous.fr\/index.php\/wp-json\/wp\/v2\/types\/page"}],"author":[{"embeddable":true,"href":"https:\/\/larchedesbambinous.fr\/index.php\/wp-json\/wp\/v2\/users\/1"}],"replies":[{"embeddable":true,"href":"https:\/\/larchedesbambinous.fr\/index.php\/wp-json\/wp\/v2\/comments?post=83"}],"version-history":[{"count":4,"href":"https:\/\/larchedesbambinous.fr\/index.php\/wp-json\/wp\/v2\/pages\/83\/revisions"}],"predecessor-version":[{"id":255,"href":"https:\/\/larchedesbambinous.fr\/index.php\/wp-json\/wp\/v2\/pages\/83\/revisions\/255"}],"wp:attachment":[{"href":"https:\/\/larchedesbambinous.fr\/index.php\/wp-json\/wp\/v2\/media?parent=83"}],"curies":[{"name":"wp","href":"https:\/\/api.w.org\/{rel}","templated":true}]}}